) in base 3?
20
What is -1110 (base 2) in base 13?
-11
What is c2 (base 16) in base 13?
11c
What is -3 (base 13) in base 2?
-11
Convert -133 (base 11) to base 3.
-12211
What is 10101 (base 4) in base 14?
157
Convert 8 (base 13) to base 16.
8
-45 (base 9) to base 15
-2b
What is -2c (base 15) in base 4?
-222
What is b (base 14) in base 2?
1011
Convert 3 (base 6) to base 3.
10
Convert 28 (base 14) to base 16.
24
Convert 140 (base 7) to base 12.
65
-4 (base 14) to base 2
-100
-6 (base 11) to base 14
-6
Convert 28 (base 10) to base 15.
1d
Convert -14 (base 12) to base 5.
-31
Convert -1003 (base 4) to base 13.
-52
-145 (base 12) to base 3
-21022
Convert 2 (base 8) to base 16.
2
What is -20020 (base 3) in base 2?
-10101000
Convert -1010000 (base 2) to base 10.
-80
Convert 6 (base 15) to base 10.
6
-2 (base 14) to base 2
-10
-33 (base 7) to base 2
-11000
Convert 4 (base 12) to base 4.
10
2 (base 3) to base 6
2
-1000 (base 2) to base 4
-20
What is 3 (base 14) in base 11?
3
What is 0 (base 12) in base 3?
0
6 (base 8) to base 4
12
Convert -9c (base 14) to base 10.
-138
What is 5 (base 10) in base 13?
5
Convert 8 (base 12) to base 6.
12
What is 17 (base 11) in base 9?
20
Convert -49 (base 16) to base 4.
-1021
48 (base 15) to base 10
68
100 (base 2) to base 7
4
29 (base 16) to base 2
101001
Convert 2 (base 10) to base 9.
2
What is 21 (base 13) in base 5?
102
4 (base 5) to base 4
10
Convert 4 (base 14) to base 3.
11
What is -4 (base 7) in base 5?
-4
Convert 11 (base 5) to base 11.
6
Convert 9 (base 16) to base 9.
10
Convert -202 (base 4) to base 15.
-24
What is 2 (base 6) in base 3?
2
What is -2 (base 16) in base 11?
-2
Convert -1120 (base 3) to base 8.
-52
Convert -4 (base 8) to base 13.
-4
1101111 (base 2) to base 13
87
What is -61 (base 13) in base 14?
-59
What is -19 (base 12) in base 5?
-41
What is 0 (base 2) in base 15?
0
Convert 2b (base 16) to base 8.
53
-113 (base 4) to base 15
-18
What is 42 (base 12) in base 13?
3b
Convert -141 (base 8) to base 14.
-6d
2 (base 8) to base 6
2
-1010 (base 5) to base 4
-2002
What is -f (base 16) in base 2?
-1111
What is 1 (base 5) in base 6?
1
112 (base 3) to base 5
24
2 (base 15) to base 12
2
What is -1 (base 6) in base 7?
-1
204 (base 6) to base 13
5b
-1e (base 15) to base 10
-29
Convert -102 (base 8) to base 13.
-51
1110 (base 2) to base 11
13
What is 1 (base 8) in base 16?
1
11011 (base 2) to base 7
36
Convert 1b (base 16) to base 7.
36
-7 (base 10) to base 7
-10
What is -17 (base 12) in base 6?
-31
Convert -11a (base 13) to base 8.
-300
1101111 (base 2) to base 9
133
Convert 1 (base 5) to base 10.
1
1 (base 16) to base 2
1
Convert 4 (base 8) to base 13.
4
Convert -22 (base 7) to base 4.
-100
Convert 47 (base 11) to base 4.
303
-21101 (base 3) to base 2
-11000111
What is -a3 (base 13) in base 3?
-11221
Convert 5 (base 8) to base 12.
5
-126 (base 8) to base 14
-62
Convert -3 (base 4) to base 8.
-3
Convert 10001 (base 2) to base 3.
122
10 (base 16) to base 14
12
-d (base 14) to base 16
-d
What is 15 (base 6) in base 15?
b
What is a1 (base 13) in base 15?
8b
8 (base 12) to base 8
10
d (base 15) to base 12
11
Convert 8 (base 13) to base 16.
8
-32 (base 7) to base 9
-25
Convert 232 (base 4) to base 16.
2e
-4 (base 13) to base 11
-4
Convert -6 (base 9) to base 15.
-6
What is 72 (base 14) in base 16?
64
Convert -23 (base 8) to base 14.
-15
What is -10 (base 8) in base 7?
-11
Convert -34 (base 5) to base 3.
-201
What is 111 (base 7) in base 3?
2010
Convert 1 (base 10) to base 4.
1
-342 (base 5) to base 15
-67
Convert -35 (base 8) to base 6.
-45
Convert -1030 (base 6) to base 15.
-109
Convert 0 (base 7) to base 11.
0
What is -20 (base 3) in base 13?
-6
What is 3d (base 16) in base 4?
331
-11 (base 3) to base 11
-4
-20 (base 9) to base 15
-13
Convert 16 (base 16) to base 5.
42
Convert 0 (base 15) to base 10.
0
What is 10111 (base 2) in base 16?
17
1301 (base 4) to base 11
a3
What is -8 (base 14) in base 4?
-20
-7 (base 16) to base 6
-11
Convert -141 (base 5) to base 8.
-56
-2 (base 8) to base 2
-10
0 (base 15) to base 3
0
7 (base 15) to base 10
7
What is 21 (base 4) in base 9?
10
What is -1 (base 13) in base 15?
-1
What is -3 (base 7) in base 5?
-3
What is 2102 (base 4) in base 9?
172
What is 4 (base 6) in base 5?
4
Convert -19 (base 15) to base 14.
-1a
What is -3 (base 11) in base 8?
-3
What is -30 (base 5) in base 14?
-11
What is 16 (base 11) in base 5?
32
68 (base 14) to base 8
134
What is 7 (base 12) in base 6?
11
What is -31 (base 15) in base 3?
-1201
8 (base 11) to base 4
20
What is 26 (base 7) in base 3?
202
What is -32 (base 12) in base 15?
-28
What is -a0 (base 15) in base 16?
-96
Convert 0 (base 11) to base 6.
0
-1 (base 6) to base 5
-1
What is 2 (base 12) in base 9?
2
Convert -1 (base 4) to base 14.
-1
Convert -2 (base 8) to base 4.
-2
What is -2 (base 16) in base 6?
-2
-12 (base 14) to base 3
-121
13 (base 15) to base 12
16
-21 (base 3) to base 12
-7
Convert 42 (base 6) to base 13.
20
1 (base 13) to base 3
1
Convert -12 (base 4) to base 10.
-6
Convert 0 (base 4) to base 10.
0
Convert 180 (base 9) to base 16.
99
What is -11 (base 11) in base 13?
-c
What is 102 (base 3) in base 15?
b
26 (base 11) to base 15
1d
What is 1 (base 5) in base 14?
1
-d (base 15) to base 14
-d
Convert -145 (base 8) to base 16.
-65
214 (base 8) to base 4
2030
Convert -10 (base 2) to base 8.
-2
-4 (base 10) to base 5
-4
What is 320 (base 5) in base 13?
67
Convert -35 (base 11) to base 13.
-2c
What is -1a (base 15) in base 7?
-34
-4 (base 11) to base 9
-4
Convert -4 (base 15) to base 7.
-4
Convert -306 (base 7) to base 14.
-ad
22 (base 6) to base 8
16
13 (base 13) to base 7
22
Convert -222 (base 4) to base 15.
-2c
1100100 (base 2) to base 4
1210
What is -1 (base 16) in base 7?
-1
Convert 52 (base 8) to base 6.
110
What is 2 (base 7) in base 8?
2
Convert 1 (base 2) to base 3.
1
What is -107 (base 11) in base 14?
-92
What is 16 (base 9) in base 12?
13
What is 16b (base 14) in base 13?
195
-2 (base 8) to base 6
-2
What is -2 (base 5) in base 4?
-2
Convert 1 (base 9) to base 7.
1
Convert 5 (base 9) to base 3.
12
Convert -1 (base 9) to base 11.
-1
What is -1 (base 10) in base 15?
-1
Convert -a (base 16) to base 6.
-14
What is -135 (base 6) in base 5?
-214
What is 4 (base 6) in base 10?
4
Convert 20 (base 12) to base 16.
18
441 (base 5) to base 9
144
Convert 312 (base 4) to base 15.
39
-22 (base 4) to base 9
-11
Convert 334 (base 7) to base 8.
254
21 (base 10) to base 12
19
What is c6 (base 16) in base 8?
306
What is 3 (base 6) in base 11?
3
-502 (base 6) to base 9
-222
Convert -4 (base 16) to base 13.
-4
What is 143 (base 13) in base 15?
ee
What is 2 (base 14) in base 3?
2
71 (base 16) to base 8
161
-21 (base 11) to base 13
-1a
What is 42 (base 6) in base 9?
28
What is -12 (base 14) in base 15?
-11
What is 0 (base 6) in base 8?
0
Convert 103 (base 7) to base 5.
202
What is 11 (base 4) in base 14?
5
What is -8 (base 11) in base 7?
-11
1 (base 6) to base 13
1
Convert -22 (base 8) to base 14.
-14
What is -5 (base 6) in base 5?
-10
What is 4 (base 11) in base 16?
4
What is 112 (base 10) in base 9?
134
What is -c3 (base 15) in base 12?
-133
Convert 0 (base 3) to base 14.
0
Convert -2 (base 4) to base 8.
-2
What is -22102 (base 3) in base 16?
-e3
What is 101 (base 4) in base 5?
32
3b (base 12) to base 14
35
What is -40 (base 6) in base 13?
-1b
What is -14 (base 9) in base 10?
-13
What is 30 (base 7) in base 5?
41
What is 110 (base 3) in base 9?
13
What is -1b2 (base 13) in base 2?
-100111010
-8 (base 16) to base 7
-11
6 (base 9) to base 12
6
-1 (base 4) to base 16
-1
12 (base 6) to base 13
8
-18 (base 11) to base 8
-23
Convert -1 (base 3) to base 7.
-1
30 (base 10) to base 4
132
What is 104 (base 7) in base 12?
45
What is 12 (base 8) in base 11?
a
What is 6 (base 14) in base 5?
11
What is -2 (base 11) in base 3?
-2
What is -227 (base 8) in base 5?
-1101
Convert 0 (base 11) to base 8.
0
Convert 5 (base 12) to base 14.
5
What is -11 (base 2) in base 15?
-3
What is -1 (base 12) in base 9?
-1
0 (base 5) to base 12
0
0 (base 15) to base 4
0
-23 (base 4) to base 9
-12
Convert 10010 (base 2) to base 12.
16
12 (base 4) to base 3
20
Convert 101111 (base 2) to base 9.
52
Convert 3 (base 8) to base 12.
3
2 (base 4) to base 7
2
63 (base 9) to base 3
2010
Wh